ed5 (base 15) in base 5?
-1442231400
Convert -115eb9 (base 16) to base 8.
-4257271
-11034560 (base 7) to base 14
-1aa330
1504525 (base 8) to base 13
11cc9a
15695a (base 11) to base 4
323123010
Convert 5218c (base 15) to base 5.
31311412
-24561663 (base 7) to base 11
-1284578
What is -200321330302 (base 4) in base 16?
-839f32
10002200020 (base 3) to base 16
ee47
What is 11110010011100101110 (base 2) in base 3?
1212110020101
What is -556226 (base 12) in base 10?
-1358526
What is 211012001 (base 3) in base 8?
37456
50957a (base 11) to base 5
202133201
What is 333cb (base 13) in base 10?
92948
Convert -10113141 (base 5) to base 12.
-3b760
1ba1a79 (base 12) to base 7
101302404
Convert -7446a (base 12) to base 7.
-1204153
What is -104140122 (base 6) in base 5?
-440114000
What is -11348b (base 12) in base 15?
-56925
Convert -1000110101110010 (base 2) to base 10.
-36210
Convert -201220010 (base 4) to base 7.
-1112360
1032123230 (base 4) to base 15
652c5
What is a9850 (base 15) in base 10?
538500
What is 11110100010110001000 (base 2) in base 12?
403234
What is -10010100110100011 (base 2) in base 4?
-102212203
Convert -32062 (base 7) to base 13.
-37c3
Convert 2aa321 (base 13) to base 15.
15b4ba
Convert -1cb03 (base 14) to base 7.
-424203
416449 (base 11) to base 8
2427350
4225610 (base 8) to base 9
2104504
What is 12237135 (base 9) in base 15?
7d4718
What is 3990 (base 10) in base 3?
12110210
-2120221011202 (base 3) to base 4
-11100003200
Convert 22d658 (base 15) to base 16.
19691c
Convert -3071a1 (base 11) to base 12.
-1b9166
Convert -47727 (base 10) to base 11.
-32949
What is -1001111101011000000101 (base 2) in base 14?
-4bd5c1
-12222220 (base 4) to base 2
-110101010101000
111041 (base 5) to base 9
5308
Convert 4302201 (base 5) to base 4.
101213300
-413448 (base 10) to base 5
-101212243
21750 (base 11) to base 12
162a3
45724 (base 11) to base 14
1a12c
What is 813a11 (base 15) in base 16?
5da8a0
What is 10221122000221 (base 3) in base 9?
3848027
What is -1021220102102 (base 3) in base 16?
-a7bb2
What is -100110001001111001110 (base 2) in base 14?
-2478bc
Convert -1224310133 (base 5) to base 8.
-13233340
What is -12002033 (base 4) in base 12?
-1237b
What is 100111110010010100100 (base 2) in base 9?
2406323
2b3048 (base 12) to base 3
1101010202002
Convert 111000100011011110101100 (base 2) to base 5.
12243403023
Convert -211303 (base 7) to base 8.
-107234
What is -7686567 (base 9) in base 8?
-17605575
111011020001111 (base 3) to base 4
122223000013
Convert 633da (base 14) to base 8.
723624
-ab01c (base 15) to base 4
-2010222222
What is 25155665 (base 7) in base 5?
1040004244
What is 173711 (base 8) in base 14?
1918d
14044242423 (base 5) to base 6
1440554302
Convert 316195 (base 11) to base 6.
14502341
1904c (base 14) to base 7
352125
1b620b0 (base 12) to base 3
102000021020220
Convert -10746744 (base 9) to base 6.
-304013321
-14380468 (base 10) to base 13
-2c9666b
What is -2144564 (base 8) in base 10?
-575860
Convert -5b3b25 (base 12) to base 16.
-16918d
-ac65 (base 14) to base 10
-29881
What is -4133b (base 12) in base 10?
-85151
Convert 2709c (base 14) to base 12.
477aa
-509b7b (base 14) to base 7
-32041414
324420021 (base 5) to base 2
101010110110111100010
Convert 40843 (base 16) to base 10.
264259
-2568254 (base 9) to base 14
-2876c8
13131404 (base 5) to base 10
130229
Convert 526dc3 (base 14) to base 3.
12020111111011
55000016 (base 7) to base 12
16ab445
What is -132123 (base 9) in base 12?
-3a570
What is -1848469 (base 10) in base 5?
-433122334
What is -db0e5 (base 15) in base 12?
-296575
What is 11010110010000000111 (base 2) in base 5?
211040300
467527 (base 12) to base 11
703a29
What is -9cd83 (base 14) in base 16?
-5d197
257814 (base 9) to base 7
1221520
Convert 4246562 (base 7) to base 13.
150c29
What is -158825 (base 10) in base 11?
-a9367
What is -c1dc9 (base 15) in base 14?
-11da85
25c91b (base 16) to base 4
21130210123
-123457 (base 10) to base 13
-44269
Convert -83362 (base 11) to base 13.
-43432
Convert 162a78 (base 13) to base 9.
1025774
Convert 1110100110101101001101 (base 2) to base 3.
21012111210102
Convert -1414424 (base 6) to base 5.
-10030310
What is -1000442224 (base 5) in base 11?
-1124a10
Convert 7a10a (base 11) to base 16.
1c4d8
What is 1114575 (base 10) in base 12?
459013
-140756 (base 8) to base 6
-1021502
What is -216624 (base 8) in base 6?
-1322244
470958 (base 12) to base 16
116c54
What is 1262875 (base 9) in base 14?
13dbcb
-4a79b7 (base 12) to base 11
-760844
Convert 100313102001 (base 4) to base 6.
234430213
Convert -442350 (base 9) to base 13.
-93330
222243 (base 7) to base 16
993f
What is a4cde8 (base 15) in base 10?
7839893
What is 33784a (base 13) in base 12?
4a7aab
Convert -27667 (base 9) to base 2.
-100100101010100
What is 37450311 (base 8) in base 3?
120120120120122
-149327 (base 10) to base 3
-21120211122
100100001000111111 (base 2) to base 7
1154402
1423213 (base 8) to base 6
12350043
What is 4006124 (base 7) in base 9?
800405
-344525 (base 9) to base 12
-9b77b
77981 (base 13) to base 16
34f64
What is -2104224102 (base 5) in base 8?
-20522052
13730 (base 15) to base 13
22509
2822a5a (base 12) to base 16
7a3566
2321131012 (base 4) to base 12
30771a
What is -10656342 (base 7) in base 5?
-220014000
What is 132233031200 (base 4) in base 9?
16141065
-515cb (base 13) to base 7
-1145461
Convert 48a1451 (base 11) to base 16.
820cb5
What is 3303233303 (base 4) in base 7?
11325515
-3042e (base 16) to base 5
-22311203
Convert 212000122012 (base 3) to base 15.
8e418
Convert 242486 (base 10) to base 11.
156202
-43412332 (base 5) to base 4
-1123001222
What is -775415 (base 8) in base 5?
-31322002
1496089 (base 10) to base 3
2211000020201
What is -1100011231 (base 4) in base 14?
-8779b
What is 101101000111100100110 (base 2) in base 8?
5507446
Convert -11000111000110 (base 3) to base 8.
-10112325
-618d6b (base 16) to base 10
-6393195
What is -1131121203 (base 5) in base 7?
-31041141
Convert 16551606 (base 7) to base 14.
304876
What is 1201311010 (base 4) in base 3?
202100200001
882029 (base 14) to base 3
22200111012102
What is 3a4005 (base 12) in base 16?
ea905
Convert 95677 (base 13) to base 2.
1000001101101011010
Convert 5bb4c5 (base 14) to base 13.
860689
Convert -165361 (base 8) to base 2.
-1110101011110001
-10101001000010011000 (base 2) to base 5
-134124001
Convert 2c1a8b (base 14) to base 2.
101111000010101011011
Convert 3054f0 (base 16) to base 2.
1100000101010011110000
4020304 (base 5) to base 7
354043
Convert 97549 (base 12) to base 13.
6ca5c
36b7001 (base 12) to base 5
10214104022
Convert -176c26b (base 13) to base 16.
-745551
What is 3818578 (base 12) in base 4?
221321220230
70870 (base 15) to base 10
356280
218364 (base 16) to base 4
20120031210
Convert -1336565 (base 7) to base 13.
-62b04
Convert 1405f6 (base 16) to base 10.
1312246
Convert -6124530 (base 7) to base 2.
-10110010000000110101
Convert 204075 (base 9) to base 13.
43160
163d57 (base 14) to base 5
144413202
What is 8c863 (base 15) in base 16?
6d3a1
What is 243035302 (base 7) in base 13?
31b9097
-12100011020 (base 3) to base 13
-38aab
What is 241c92 (base 14) in base 2?
100101101011001101000
-4a837a7 (base 11) to base 6
-513003543
Convert 1252588 (base 9) to base 3.
1021202122222
What is -574a (base 13) in base 14?
-4658
What is 6772342 (base 8) in base 16?
1bf4e2
What is -2335215 (base 10) in base 3?
-11101122022110
-2565135 (base 7) to base 12
-142209
112333312102 (base 4) to base 6
333114334
Convert 65aee (base 16) to base 11.
264a11
-110011111011011100111 (base 2) to base 6
-100245451
Convert 104234304 (base 6) to base 4.
13030213000
Convert -3383 (base 12) to base 3.
-21211200
What is 5764c2 (base 13) in base 11?
119458a
What is 1001110010110111000111 (base 2) in base 11?
14a4103
-10111311322 (base 4) to base 8
-4256572
What is -166671 (base 16) in base 9?
-2676660
Convert -30450331 (base 6) to base 2.
-11010110001111001111
What is 10102223321 (base 4) in base 14?
214053
Convert -22110021220220 (base 3) to base 14.
-84d803
What is 233032120 (base 6) in base 13?
b90c5b
Convert 110001100100001000011 (base 2) to base 4.
12030201003
4040524 (base 7) to base 4
1311103033
What is -240073 (base 11) in base 13?
-1043c2
Convert 133332304 (base 5) to base